e the prime factors of v?
13159
Let u(l) = l**3 - 48*l**2 + 198*l + 289. What are the prime factors of u(52)?
21401
Suppose 62*a = 43*a - 46*a + 3672565. What are the prime factors of a?
56501
Suppose -41*x + 206831 = -75126. List the prime factors of x.
13, 23
Let s be (2 - (-36)/(-8))/(-5)*6. Suppose s*n + 4249 = 5*v, -5*n + 4265 = 4*v + v. What are the prime factors of v?
23, 37
Let s be ((2 + -1)*-2)/(9 + -11). Let h be (((-10)/(-4) - 2)*0)/s. Suppose -3*j - 2*j + 385 = h. List the prime factors of j.
7, 11
Suppose 0 = 4*g - 3*g + 515. Let s = g + 289. Let n = -132 - s. What are the prime factors of n?
2, 47
Let x(b) = -b**2 + 53*b - 143. Let w be x(50). List the prime factors of (-3 + w)*87*(-2)/(-24).
29
Suppose 8 = -4*c, 3*c + 35008 = 4*i + 9194. What are the prime factors of i?
2, 1613
Suppose -2*h - 26 = -5*q - 5*h, -3*q = -3*h - 30. Suppose 0 = q*b - 11*b - 8. Let l = b - -59. List the prime factors of l.
3, 19
Let r be -62*((-16)/(-40))/((-4)/5). Suppose 2*j + 7 = l, -4*j = -4*l + r - 7. Let b = j - -23. What are the prime factors of b?
2, 11
Let o be (-4 + 0)/2*(-36)/72. What are the prime factors of 233*(8/4 - (o + -1))?
2, 233
Let j(c) = -9*c - 91. Let w be j(-11). Suppose 8*o = -w + 480. What are the prime factors of o?
59
Let n(z) = -128*z - 1090. List the prime factors of n(-40).
2, 5, 13, 31
Suppose 163324 = -15293*t + 15307*t. What are the prime factors of t?
2, 19, 307
Let y be (104/24 + -3)*33. Let z(a) = 7*a + 6. Let u be z(6). Suppose -y*d - 152 = -u*d. What are the prime factors of d?
2, 19
Suppose 33*i - 1658 = 32*i. Suppose i = 10*s - 8*s. What are the prime factors of s?
829
Suppose -w - 11323 = -2*w + 3*v, 5*w - 4*v - 56604 = 0. List the prime factors of w.
2, 5, 283
Let w(x) = x + 32. Let g(v) = 2*v**3 - 10*v**2 + 3*v - 4. Let k be g(5). Let l be w(k). Let z = l + 37. What are the prime factors of z?
2, 5
List the prime factors of 23/(1771/28) + 225628/11.
2, 641
Let h(s) be the first derivative of 3*s**2/2 + 99*s + 85. What are the prime factors of h(-5)?
2, 3, 7
Suppose 76 - 118 = 6*x. Let n(o) = 5*o**2 + 5*o - 24. What are the prime factors of n(x)?
2, 3, 31
Suppose -83*n = -124*n + 34686. What are the prime factors of n?
2, 3, 47
Suppose 3*v - 15678 - 17166 = 0. Suppose -31*d + v = -17*d. What are the prime factors of d?
2, 17, 23
Let f = 5458 + -4019. What are the prime factors of f?
1439
Suppose 5*w = g + 20098, -5*w + 30220 = 3*g + 10094. List the prime factors of w.
4021
Suppose 53*g - 2181142 = -800314 + 1396584. List the prime factors of g.
2, 3, 11, 397
Let o = 216 - -69. Suppose 1545 + o = 5*q. Suppose 5*a = -3*h + q, -222 = -3*a - 4*h + 3*h. What are the prime factors of a?
3, 5
Suppose 2*d = -0*w - w - 2, 4*d + 3*w = 0. Let l be d + ((-352)/1)/(-4). Let c = -60 + l. List the prime factors of c.
5
Suppose 0 = 2*r + 204 - 212. Suppose 5*p - 3489 = -r*t, 717 = p - 3*t - t. What are the prime factors of p?
701
Suppose 0 = -528*n + 656*n - 825088. List the prime factors of n.
2, 11, 293
Let w = -144 - -522. Suppose -13*t - w = -6*t. Let i = -27 - t. List the prime factors of i.
3
Let f = -1741 + 2496. Let b = f - 426. What are the prime factors of b?
7, 47
Let k be (-44092)/(-10) - (3 - (-42)/(-15)). Suppose -k = -3*u - 362. What are the prime factors of u?
19, 71
Suppose 0 = -0*i + 48*i - 211057 - 434639. What are the prime factors of i?
2, 3, 19, 59
Let t be (3 + (-40)/(-32))*(-2 - -2230). Suppose t + 491 = 15*m. What are the prime factors of m?
2, 83
What are the prime factors of (-3142581)/(-209) + (-18)/66?
2, 3, 7, 179
Let g be 423 + ((459/36)/17 - 2/(-8)). Let i = 0 - -17. Suppose -i*z + g = -15*z. List the prime factors of z.
2, 53
Let s be 6/(48/8) + 4270. Let p = s + -3022. List the prime factors of p.
1249
Let g(y) = -y + 5. Suppose -5*x + 20 = -0*v + 4*v, -5*x + 10 = 2*v. Let n be g(v). Suppose n = -2*t - 2*t + 624. List the prime factors of t.
2, 3, 13
Let y = 62242 + -21952. List the prime factors of y.
2, 3, 5, 17, 79
Let f be -1*3 - (4 - 10). Let r = -68 - -79. Suppose f*t = r*t - 640. What are the prime factors of t?
2, 5
Let b(y) = -29*y**3 + 4*y**3 - 12*y**2 - 35*y + 7*y**3 + 11 + 9*y**3 + 10*y**3. List the prime factors of b(16).
5, 19
What are the prime factors of (0 - (-1 + -3213)) + 0?
2, 1607
Let a(r) = -1 + 35*r**2 - 22*r**2 + 4*r + 95*r**3 - r - 14*r**2. What are the prime factors of a(2)?
761
Let z be 525/42*28/10. Suppose 0 = -5*x - 5*b + z, 3*b - 23 = -2*x - 2*b. Suppose -g = g + 4*f - 16, 3*g - 14 = x*f. What are the prime factors of g?
2, 3
Suppose -3828 = 19*p - 30124. Let r = p + -642. List the prime factors of r.
2, 7, 53
Let g(y) = -3*y - 3. Let b be g(-1). List the prime factors of 3647/(-35)*(b - 5).
521
Let t be ((-2)/4)/(1/(-16)). Suppose -69*q + 40*q = -145. Suppose -q*c = -t*c + 39. What are the prime factors of c?
13
Let m be (-24)/48*(-6)/1. Let v be (((-324)/14)/m)/((-8)/(-168)). Let b = 247 + v. What are the prime factors of b?
5, 17
Let r be 6 + -8 + (-3 - -4). Let w be r + 4 + (2 - 2). Suppose -4*c + 228 = -4*l, -c - 13 = w*l - 74. List the prime factors of c.
2, 29
Suppose 17*p = 14*p, 3660 = -5*w - p. Let c = w + 1305. What are the prime factors of c?
3, 191
Let p = 1352 - -4957. List the prime factors of p.
3, 701
Let a = -202 - -1172. Suppose 0 = 2*g - a - 64. List the prime factors of g.
11, 47
Let n(f) = -18*f - 28. Let h be (0 - 7)*10/10. Let b be n(h). Suppose -b - 7 = -5*v. List the prime factors of v.
3, 7
Let g(q) be the third derivative of 403*q**5/60 + q**3/3 + 5*q**2 + 2*q. List the prime factors of g(1).
3, 5
Let t = 12774 + -12741. Suppose 2*l - 294 = -0*l. Let c = t + l. What are the prime factors of c?
2, 3, 5
Let u = 277 - 279. List the prime factors of (u + 0)*(-148 - 10).
2, 79
Let g(f) = -f**3 - 2*f**2 - 4*f + 2000. List the prime factors of g(0).
2, 5
Let p be (25/15)/(3/(-72)*-10). Suppose -x = 5, -p*d + 102 = -5*x - 19. What are the prime factors of d?
2, 3
Suppose -g - 3*s = -4112, -109*g = -106*g + s - 12304. What are the prime factors of g?
2, 5, 41
Let m = 30 - 26. Suppose -m*y - 5*f = -4*f - 573, -730 = -5*y - 4*f. Let a = y + 54. List the prime factors of a.
2, 7
Suppose -2*s - 245 = -3*p - 26, -73 = -p + 3*s. Let c = 47 - p. What are the prime factors of 39/c*(101/(-3) + -1)?
2, 13
Suppose 2*s + 181960 = 4*f, 5*f + 2*s - 39803 - 187683 = 0. List the prime factors of f.
2, 23, 43
Suppose 7*p + 124 = 110. What are the prime factors of 8 - 6 - (p - 422)?
2, 3, 71
Let x(m) = 13*m + 42. Let f be x(-3). Let g = -323 + 563. Suppose 0 = -3*n + 4*d + g, -4*n + f*d + 234 + 86 = 0. What are the prime factors of n?
2, 5
Suppose 3*z + 3*f - 15 = 0, -1 = -2*f + 1. Suppose -3*g + 1495 = 3*r - z*r, -4*r - 2494 = -5*g. List the prime factors of g.
2, 3, 83
Suppose -103 = 3*q + m, m - 86 + 19 = 2*q. Let o = q - -39. Suppose 4*x = v - 6*v + 1022, v = -o*x + 1288. What are the prime factors of x?
2, 3, 43
List the prime factors of -3 + ((-55)/(-11) - -1405).
3, 7, 67
Let l(h) = 775*h + 1582. What are the prime factors of l(11)?
3, 1123
Let z(b) = b - 1. Let o(j) = 3*j - 42. Let a(n) = -o(n) + 15*z(n). Let f be a(4). Suppose 4*l = f + 85. List the prime factors of l.
2, 5
List the prime factors of (4/(-26))/(530/(-58161935)).
16883
What are the prime factors of (-17176)/(-1 - 7) + (-15)/(75/(-20))?
3, 239
Let x(f) = -8*f + 961. Let b be x(79). Suppose -3*p - q + 2*q + 683 = 0, -4 = 2*q. Let m = b - p. List the prime factors of m.
2, 3, 17
Suppose -2*s + 5*p - 9 = 0, -2*s - 13*p - 1 = -10*p. Let m = s + 6. What are the prime factors of m?
2
Let r(p) = 2*p**2 + 12*p + 2. Let l be r(-6). Suppose -5*n - 554 = l*d - 3968, 2*d = 4. List the prime factors of n.
2, 11, 31
Suppose -211 = -10*l - 181. List the prime factors of 1/(l + (-5280)/1761).
587
Suppose 5*q + 15 = 4*j, 1 = 4*j + 4*q + 13. Let i = 46 - 42. Suppose -i*v - 120 + 404 = j. What are the prime factors of v?
71
List the prime factors of 12 - (-71424 - (16 - 3)).
7, 59, 173
Let f = -751 - -1457. Suppose 0 = 702*b - f*b + 28. List the prime factors of b.
7
Suppose -4*v + 3*a = -0*a + 19836, -4*a + 14884 = -3*v. What are the prime factors of -2 - (3/2)/(7/v)?
2, 5, 53
Suppose -2*v - 58 = 3*b, -2*b - 4*v - 100 = 3*b. Let k(p) be the second derivative of p**4/12 + 7*p**3/6 + 21*p**2/2 + 2*p - 